8) - (143 - 90)?
-52
-18 + (-106 + 50 - -122)
48
Evaluate 13 - (-34 + 23 + 20).
4
Calculate 10 + -21 + 59 + 5 + 3 + -4.
52
Evaluate (-20 - (-8 + -47 + 23)) + -105 - 4.
-97
Evaluate 4274 + -4368 + (0 - -34).
-60
What is the value of -606 + 426 + 97 + 0?
-83
56 + (-27 - (-90 + 73))
46
(32 - 11) + (16 - (-13 - -94))
-44
What is the value of (199 - 223) + 0 + (5 - (-5 - (-5 - 5)))?
-24
54 - (-30 + (-29 - -78))
35
What is the value of -15 + -69 + -60 + 98?
-46
What is (-62 - 10) + -162 + 117?
-117
Evaluate -86 + 31 - (30 - (-3 - -3)).
-85
(31 - (-3 + 53 + -25)) + 28
34
Calculate (-23 + 15 + -18 - (-2 - 6)) + (8 - 1).
-11
80 + (-9 - -12) + -67 + 72
88
3 - (4 - (2 - ((3 - (-3 - -4)) + -126)))
125
Evaluate 30 - (17 + -13) - 64.
-38
What is the value of -1 + 4 - (-141 + 236 + -70)?
-22
What is 15 - 25 - (125 + -217)?
82
What is 106 + 20 + (11 - 107)?
30
What is 64 + -77 - (-4 - 3 - (19 - 27))?
-14
What is (62 - (127 - 4)) + 20?
-41
Calculate -39 + (-123 - (-186 + 83)).
-59
(-158 - -121 - (-8 - -2)) + 5
-26
Evaluate -5 - ((31 - 1) + -118 + 106).
-23
Calculate -10 - (-1 + 4) - (-44 - -13).
18
(-7 - 0) + (-1 - (10 - -15))
-33
(0 - 2) + 1 + 54 - (104 + -96 + -10)
55
What is the value of (592 - 592) + (-3 - -1) - (2 + -6 + -78)?
80
What is -28 + (-3 - (47 + -56))?
-22
What is the value of 11 - (6 + (5 - -3) + (3 - 17))?
11
What is the value of 19 + 6 - 6 - 2 - 50?
-33
What is the value of (-1 - 60) + 12731 + -12647?
23
Evaluate 10 + (79 - (-35 + 14 + 16)).
94
-27 - (11 - 18 - 17) - -2
-1
Evaluate (4 + -2 - -7) + -539 + 546.
16
(-41 + -33 - 38) + (-11 - (-2 + (-4 - -8)))
-125
(18 - 32 - 51) + 63
-2
What is -6 + 37 - ((71 - -1) + -66)?
25
17 + -23 + 16 + -23 + 70 - -18
75
-22 + -62 + 18 + 106
40
Evaluate 3 + -51 + -5 + 1 + -1 + -31 + 40.
-44
Evaluate -33 + -53 + 46 + 5.
-35
What is the value of 83 - ((19 - 0) + -246 + 204)?
106
What is -1 - (2 + 0 + -136) - ((471 - 105) + -356)?
123
34 - (44 + (-43 - -19))
14
Calculate 70 + (87 + -93 - (-14 - -1)).
77
What is -19 + 63 + -21 - (63 - 17)?
-23
What is the value of (1 - (-52 + -2)) + -34 + 35 - (-229 + 244)?
41
(-9 - (-1 + 22 + -10)) + -9
-29
What is 0 + 1 + -4 + (-2 - -8 - -1) - 68?
-64
What is (-6 - 1 - (1 + -10)) + (26 - 57)?
-29
Calculate (0 - 72) + (260 - 225).
-37
8 + (59 - (56 - 27))
38
Calculate (-73 - (4 + -10 + 28) - 4) + -15.
-114
36 - (25 - (23 - (-118 + 35)))
117
Calculate -10 + 9 + (-42 - -3) + (2 - (8 + -13)).
-33
What is the value of (3 - -7) + 9 + (-63 - -2)?
-42
Calculate -9 - (1 + -1 + (-1 - -9) + 2 - 9).
-10
Evaluate 3 + -2 - 8 - -11 - (-21 + 23 - 8).
10
Calculate (7311 - 7271) + 0 + 48.
88
What is -25 + 39 + -5 + 1 + (-19 - 0)?
-9
What is the value of (8 - ((-2 - -17) + -62 + 54)) + -11?
-10
Calculate (1 - -3) + (99 - (-5 + 58)).
50
Calculate 93 + 56 + -165 - -54.
38
What is (50 - 40 - 55) + 6?
-39
Evaluate (-4 + 7 - (12 + (28 - 14 - 19))) + 28.
24
What is 0 + 11 + 0 + (11 - 9) - (18765 + -18773)?
21
137 + -137 + (11 + -1 - -1) - (-54 - 0)
65
52 - -2 - -4 - (-178 + 171 + -7 + 0)
72
What is the value of -8 - (-9 - (-12 + 12) - (-2 + -5))?
-6
90 + -139 + (29 - -6)
-14
What is 1 + -2 + -44 + (59 - 12)?
2
What is the value of 48 + ((4 - -3) + -26 - -1)?
30
Evaluate (3 + -22 - (-12 + 7 + -2)) + 23.
11
What is -112 + (17 + 4 + -33 - 7) + 0 + 13?
-118
Evaluate (69 - (113 - 79)) + (0 - -31).
66
-22 + 2 + (1 - -19 - 27) + 19
-8
12 - 19 - (-3 + (-6 - -73) - 14)
-57
What is the value of -133 - (-3 - -30) - -105?
-55
Evaluate -30 - (5 + -21) - -9 - (-14 - -12) - -99.
96
(-12 - -139) + -204 + -9
-86
Calculate -10 + (9 - (13 - 48 - (-7 + -9))).
18
What is -43 + (79 - -11) - 92?
-45
What is the value of -17 - (-24 - -10 - 11)?
8
Evaluate (-47 - (6 - 14)) + (-3 - 14 - -32).
-24
(66 + -2 - (-58 - -116)) + (-1 - (12 + 1))
-8
What is the value of (-1 - (-8 + 0)) + -1 - (-6856 + 6896)?
-34
Calculate (83 - 48) + (-11 - -5) + 3.
32
Evaluate -59 - (42 + -61 - (3 + -1)).
-38
Calculate 39 + -63 + 91 - (-3 + -8 + -1).
79
Evaluate (34 - (34 + -9)) + (-8 - -1) + 40.
42
Calculate 512 - 486 - (18 - -98).
-90
Calculate 53 + -6 + -11 + 10 + -10.
36
24 - 2 - (-16 + 18 + 16) - (-87 - 1)
92
What is 47 + (19 - 27 - 44)?
-5
What is the value of (-140 - -161) + (2 - 22) + 3?
4
Evaluate -7 + (18 - (6 - -9) - (-1 - 3)) + 3.
3
Calculate 7 - (7 - (-50 + 13 + -38)).
-75
What is the value of 857 + -856 - (1 - -62) - -9?
-53
Calculate -24 + 51 - 40 - 3 - -76.
60
-121 - (-120 + 99 + 26)
-126
What is the value of 3 - (22 + 1 + -12 + -24) - -68?
84
Evaluate -1 + -1 - (-130 - -73 - 17) - 6.
66
What is the value of (4 - 125) + -6 - (-966 + 950)?
-111
Evaluate (9 - 13 - 3) + (15 - 20) - -6.
-6
What is the value of (5 - (-7 + (-8 - -4))) + 633 + -625?
24
Calculate -18 - (-30 - (30 - 36)).
6
-16 + 31 - (-6 + 13 + (-3 - 4 - -2))
13
What is the value of 59 - (14 - (52 + -16) - -9) - (-1 + -1)?
74
What is 1 + 12 + -38 - 11 - (5 - 1)?
-40
What is (-3 - 60) + (-354 - -352) + (-2 + 0 - -1)?
-66
Calculate ((-20 - -33) + -14 - -41) + -19.
21
Evaluate 270 + -125 + -71 - -21.
95
What is -9 + (10 - ((-11 - -14) + -2 - -18))?
-18
20 + 17 + (24 - -25) + -2
84
What is the value of 19 + (-21 - 10) - (-12 - 16)?
16
Calculate -1435 + 1454 - (48 - -1).
-30
(34 + -84 - -52) + 16
18
Evaluate (16 + 42 + -39 - (15 - 1)) + 1.
6
Calculate 28 + (-154 + 161 - (2 + -1 - -8)).
26
Calculate (-11 - (24 - 7)) + -26.
-54
What is the value of (-17 + 2 - (11 + -6)) + -26 + 26?
-20
What is the value of 56 - (163 + (89 - 133))?
-63
Calculate 14 - -40 - 148 - -18.
-76
Calculate -10 + -6 + 13 + 8 - (2 - 2 - -3).
2
Evaluate -33 + (13 + (-27 - -22) - -16).
-9
What is the value of -15 + (1 - (1 - (-3 + (-7 - 6))))?
-31
-17 - -32 - (31 + -28 + (1 - 56))
67
What is the value of 1 + 34 + 25 + (24 - (-35 + 89))?
30
Calculate 13 + 35 + -2 - 34.
12
What is the value of 170 + -26 + -81 - 27?
36
What is (5 - (1 + -1 - (23 - 16))) + (-10 - -31)?
33
(10 - -22) + -121 + 29 + -11
-71
What is the value of 16 + 5 - (2 - 7 - (-22 - (-2 - 9)))?
15
38 + -19 + (-98 - -120)
41
(0 - -17 - (-22 + 50)) + 27
16
Evaluate -64 + 8 + (5 - (-10 + 8)) + 2.
-47
Calculate -18 + (-25 + -8 - -5 - -30).
-16
What is the value of -5 + 123 + 0 + 64 + -58 + -11?
113
Evaluate -3674 + 3632 + (1 - (0 + -2)) + -8.
-47
What is (-621 - -609) + -8 + (-6 - 5)?
-31
Calculate (73 - 68) + (2 + 26 - 2) + 29 + -31.
29
What is -24 - (-5 - (35 - 14)) - 25?
-23
Evaluate 24 - ((16 - 4) + -3) - (-16 + 10).
21
Evaluate 40 - 1 - (-107 + 169 - 22).
-1
What is (-197 - -221) + -76 + (-8 - -4)?
-56
-17 + 26 + (236 - 232)
13
Calculate (-798 - -678) + 49 + -3.
-74
What is the value of -1 - -7 - 7 - (8 + -27 + 15)?
3
Evaluate -24 + 24 + -7 + -45.
-52
Calculate -1170 - -1202 - (7 + -2 + 86).
-59
What is -37 + 96 + (24 + 5 - 17)?
71
Calculate (37 - 44) + -50 + 14.
-43
What is -3 + (67 + -42 + (12 - 1) - 0)?
33
What is the value of (-16 - (-10 - 2)) + -38 + 5?
-37
Evaluate (-49 - (-56 - -31)) + 68 + -6 + -1.
37
-11 + (-11 - -32 - 19) + -3
-12
(-4853 - -4856) + (48 - -2)
53
Evaluate -1 - (-2 - -7) - (-497 - -508).
-17
Calculate (10 - 23) + (-10 - (0 - 5) - -14) + 18.
14
Calculate 143 + -48 + -188 - -66.
-27
Calculate -1 - (34 + -14 + -10 + -5).
-6
What is -31 - 0 - (-19 + -1 + 317 + -300)?
-28
Calculate -61 + 50 + 16 + (-8 - -2) - 45.
-46
What is -19 + 27 - (-1 + -1 + 7) - (1128 + -1127)?
2
Evaluate 44 + -1 + (-2 + -1 - 4) + 75 + -78.
33
Calculate 44 + (-36 + 88 - 65).
31
Calculate 99 + 13 + -210 + 81.
-17
What is the value of 25 + -20 + 30 + -19 + (24 - (-8 - -7))?
41
(10 - (-48 + -86)) + (-1 - 38)
105
What is (-1 - 127) + 5 + -15 + -15 + (-29 - -69)?
-113
What is -10 - (-13 + (35 + -14 - 11)) - (-3 + -30)?
26
-23 + (-43 - 56) + 135
13
86 - -3 - (-548 - -586)
51
Evaluate -42 - (-15 - -29) - (3 - (12 - 11)).
-58
Calculate (-14 - -7) + 0 + (-23 - -12).
-18
Calculate (-22 + -41 - 19) + 40 - -44.
2
Calculate -54 - 1 - ((278 - 327) + 3 + 49).
-58
What is the value of -41 - (-3 - -17 - 2) - (-4 - 1)?
-48
What is (1 - -42) + -2 - (105 - (9 + 99))?
44
Calculate -159 + 67 + 64 + (0 - -3).
-25
-63 + (143 - (66 + 30))
-16
Calculate 8 + (5 - -2) - 4 - 27.
-16
Calculate -37 - 2 - ((90 - 233) + 130).
-26
0 + 16 - (17 - (0 - (46 - 5)))
-42
Calculate 81 + (38 + 26 - 28 - (15 + 0)).
102
What is the value of -44 + (34 - -7) + (-2 + 0 - -11)?
6
What is -16 + 32 - -